, 797
List the prime factors of 6579.
3, 17, 43
What are the prime factors of 674?
2, 337
List the prime factors of 514.
2, 257
List the prime factors of 18521.
18521
List the prime factors of 11488.
2, 359
What are the prime factors of 757?
757
What are the prime factors of 5734?
2, 47, 61
What are the prime factors of 73717?
7, 10531
What are the prime factors of 28929?
3, 9643
What are the prime factors of 957?
3, 11, 29
List the prime factors of 1371.
3, 457
List the prime factors of 558.
2, 3, 31
What are the prime factors of 1239?
3, 7, 59
List the prime factors of 1204.
2, 7, 43
List the prime factors of 1230.
2, 3, 5, 41
What are the prime factors of 3076?
2, 769
What are the prime factors of 5618?
2, 53
What are the prime factors of 750?
2, 3, 5
List the prime factors of 795.
3, 5, 53
List the prime factors of 52569.
3, 11, 59
List the prime factors of 1032.
2, 3, 43
List the prime factors of 9010.
2, 5, 17, 53
What are the prime factors of 4820?
2, 5, 241
What are the prime factors of 866?
2, 433
What are the prime factors of 2864?
2, 179
What are the prime factors of 9976?
2, 29, 43
What are the prime factors of 101?
101
What are the prime factors of 3803?
3803
What are the prime factors of 2593?
2593
What are the prime factors of 15017?
15017
What are the prime factors of 19480?
2, 5, 487
List the prime factors of 48946.
2, 24473
What are the prime factors of 2941?
17, 173
What are the prime factors of 60?
2, 3, 5
What are the prime factors of 12020?
2, 5, 601
List the prime factors of 5834.
2, 2917
List the prime factors of 2056.
2, 257
What are the prime factors of 6990?
2, 3, 5, 233
List the prime factors of 483.
3, 7, 23
List the prime factors of 1759.
1759
What are the prime factors of 6188?
2, 7, 13, 17
What are the prime factors of 44863?
7, 13, 17, 29
What are the prime factors of 134?
2, 67
List the prime factors of 25576.
2, 23, 139
What are the prime factors of 9976?
2, 29, 43
What are the prime factors of 510?
2, 3, 5, 17
What are the prime factors of 3644?
2, 911
What are the prime factors of 4559?
47, 97
List the prime factors of 25100.
2, 5, 251
What are the prime factors of 57768?
2, 3, 29, 83
List the prime factors of 119804.
2, 61, 491
What are the prime factors of 2936?
2, 367
List the prime factors of 19225.
5, 769
What are the prime factors of 22264?
2, 11, 23
What are the prime factors of 293?
293
List the prime factors of 872.
2, 109
What are the prime factors of 4450?
2, 5, 89
List the prime factors of 15970.
2, 5, 1597
What are the prime factors of 68048?
2, 4253
List the prime factors of 5115.
3, 5, 11, 31
What are the prime factors of 15017?
15017
List the prime factors of 25888.
2, 809
What are the prime factors of 44557?
17, 2621
List the prime factors of 31510.
2, 5, 23, 137
What are the prime factors of 1269?
3, 47
What are the prime factors of 28290?
2, 3, 5, 23, 41
What are the prime factors of 1282?
2, 641
What are the prime factors of 3576?
2, 3, 149
What are the prime factors of 1129?
1129
What are the prime factors of 59740?
2, 5, 29, 103
List the prime factors of 3321.
3, 41
List the prime factors of 37302.
2, 3, 6217
What are the prime factors of 329?
7, 47
List the prime factors of 955.
5, 191
List the prime factors of 2844.
2, 3, 79
List the prime factors of 1462.
2, 17, 43
List the prime factors of 1685.
5, 337
List the prime factors of 9424.
2, 19, 31
List the prime factors of 10074.
2, 3, 23, 73
List the prime factors of 144259.
144259
List the prime factors of 23563.
23563
What are the prime factors of 241?
241
List the prime factors of 1581.
3, 17, 31
List the prime factors of 5604.
2, 3, 467
What are the prime factors of 3973?
29, 137
What are the prime factors of 5088?
2, 3, 53
List the prime factors of 658.
2, 7, 47
What are the prime factors of 27056?
2, 19, 89
What are the prime factors of 60072?
2, 3, 2503
List the prime factors of 7890.
2, 3, 5, 263
What are the prime factors of 6172?
2, 1543
List the prime factors of 115016.
2, 11, 1307
What are the prime factors of 958?
2, 479
What are the prime factors of 13656?
2, 3, 569
What are the prime factors of 6334?
2, 3167
What are the prime factors of 21204?
2, 3, 19, 31
List the prime factors of 128.
2
What are the prime factors of 17570?
2, 5, 7, 251
List the prime factors of 91853.
31, 2963
List the prime factors of 132965.
5, 7, 29, 131
What are the prime factors of 3305?
5, 661
List the prime factors of 239.
239
What are the prime factors of 22049?
17, 1297
List the prime factors of 2673.
3, 11
List the prime factors of 987.
3, 7, 47
What are the prime factors of 293?
293
What are the prime factors of 68387?
11, 6217
List the prime factors of 1213.
1213
What are the prime factors of 58442?
2, 29221
List the prime factors of 39023.
39023
What are the prime factors of 7364?
2, 7, 263
What are the prime factors of 7975?
5, 11, 29
What are the prime factors of 53147?
53147
List the prime factors of 1254.
2, 3, 11, 19
List the prime factors of 354.
2, 3, 59
List the prime factors of 1592.
2, 199
What are the prime factors of 25831?
13, 1987
List the prime factors of 39579.
3, 79, 167
List the prime factors of 4209.
3, 23, 61
List the prime factors of 6634.
2, 31, 107
List the prime factors of 37367.
11, 43, 79
What are the prime factors of 49043?
49043
What are the prime factors of 63222?
2, 3, 41, 257
List the prime factors of 1383.
3, 461
What are the prime factors of 88589?
88589
List the prime factors of 14649.
3, 19, 257
What are the prime factors of 3367?
7, 13, 37
What are the prime factors of 60?
2, 3, 5
List the prime factors of 153.
3, 17
What are the prime factors of 1778?
2, 7, 127
What are the prime factors of 14671?
17, 863
What are the prime factors of 17893?
29, 617
List the prime factors of 1675.
5, 67
List the prime factors of 5642.
2, 7, 13, 31
What are the prime factors of 2479?
37, 67
List the prime factors of 5207.
41, 127
What are the prime factors of 7146?
2, 3, 397
What are the prime factors of 1504?
2, 47
List the prime factors of 144379.
144379
What are the prime factors of 1537?
29, 53
What are the prime factors of 11369?
11369
What are the prime factors of 13990?
2, 5, 1399
List the prime factors of 816.
2, 3, 17
List the prime factors of 18767.
7, 383
What are the prime factors of 1342?
2, 11, 61
What are the prime factors of 125956?
2, 31489
List the prime factors of 335.
5, 67
List the prime factors of 10791.
3, 11, 109
List the prime factors of 651.
3, 7, 31
List the prime factors of 5349.
3, 1783
What are the prime factors of 529?
23
What are the prime factors of 6040?
2, 5, 151
What are the prime factors of 31761?
3, 3529
List the prime factors of 11551.
11551
List the prime factors of 1354.
2, 677
List the prime factors of 42504.
2, 3, 7, 11, 23
What are the prime factors of 4492?
2, 1123
What are the prime factors of 52884?
2, 3, 13, 113
List the prime factors of 9466.
2, 4733
List the prime factors of 18112.
2, 283
What are the prime factors of 585?
3, 5, 13
List the prime factors of 40968.
2, 3, 569
What are the prime factors of 25918?
2, 12959
List the prime factors of 31270.
2, 5, 53, 59
List the prime factors of 3606.
2, 3, 601
List the prime factors of 1520.
2, 5, 19
List the prime factors of 8148.
2, 3, 7, 97
What are the prime factors of 50465?
5, 10093
What are the prime factors of 40753?
83, 491
List the prime factors of 24117.
3, 8039
List the prime factors of 1044.
2, 3, 29
List the prime factors of 22913.
11, 2083
List the prime factors of 2808.
2, 3, 13
List the prime factors of 1311.
3, 19, 23
What are the prime factors of 17640?
2, 3, 5, 7
List the prime factors of 1097.
1097
List the prime factors of 6711.
3, 2237
What are the prime factors of 111565?
5, 53, 421
List the prime factors of 1300.
2, 5, 13
List the prime factors of 736.
2, 23
List the prime factors of 1300.
2, 5, 13
List the prime factors of 8980.
2, 5, 449
What are the prime factors of 1030?
2, 5, 103
List the prime factors of 16753.
11, 1523
List the prime factors of 1672.
2, 11, 19
What are the prime factors of 3587?
17, 211
List the prime factors of 4398.
2, 3, 733
What are the prime factors of 1241?
17, 73
List the prime factors of 974.
2, 487
What are the prime factors of 6242?
2, 3121
List the prime factor